-m. Suppose -2*q - 3*q = 4*a - 41, -3*a - 8 = -m*q. Suppose -5*n - 4*h + 397 = -268, 665 = q*n - 5*h. Is n composite?
True
Suppose 37314 + 73627 = 19*q. Is q prime?
True
Let i = -563 + 820. Let a = i + -366. Let h = 288 + a. Is h a prime number?
True
Let l(q) = q**2 + 13*q + 3. Let a be l(-13). Let d be ((-60)/50)/(a/(-20)). Suppose -d = -v + 11. Is v a composite number?
False
Suppose -3*s - s = 0. Suppose 2 = 2*u + 5*i, 0 = i - s*i. Is (1/(-3))/(u/(-171)) a composite number?
True
Let u = 14 + -12. Let o(r) = 141*r + 1. Let a(w) = 70*w. Let s(q) = -5*a(q) + 3*o(q). Is s(u) prime?
True
Let p = -796 + 1703. Is p a composite number?
False
Is 4 + (31/(-62))/((-2)/100444) prime?
False
Suppose -6*z - 1074 = -3*z. Suppose -37*p - 40*p - 39655 = 0. Let n = z - p. Is n composite?
False
Let w be (0 + -6)/(1 - 0). Is (-7 - w)/((-2)/1354) prime?
True
Suppose 2*z - 209 = -573. Let r = z - 125. Is (-10 + 9)/(1/r) a composite number?
False
Suppose -42*l - 6022 = -44*l. Is l prime?
True
Suppose 5*p = 168907 - 9372. Is p a prime number?
True
Let y = -29571 + 51380. Is y a composite number?
True
Let m(s) = -21*s**3 - 3*s**2 - 4*s + 6. Let j(w) = w**3 - 4 - 3*w**3 + w + 3 + 3*w**3. Let c(d) = j(d) - m(d). Is c(3) composite?
True
Suppose -232 = -4*y + 948. Suppose 6645 = 4*r - y. Is r a composite number?
True
Let q(n) = -253*n + 2 - 2 - 2. Let l(c) = c**2 - 2*c - 25. Let g be l(-4). Is q(g) a prime number?
True
Suppose 3*r - 5*z = -2*r + 4055, 0 = -2*r + 3*z + 1619. Suppose -3*a - 232 = -r. Is a a prime number?
False
Let d be (-21)/(-63) + ((-5362)/3)/(-2). Let w = d - -287. Is w a composite number?
False
Suppose -1 = -f - a, 5*f - 3*a - 37 = -0*a. Suppose -j - 3*m - 9 = 0, f*j + 100 = -3*m - m. Is j/8 - (-1 + -59) prime?
False
Let s be (-2)/3 + (-235)/(-15) + -5. Suppose 0 = m + m. Suppose m = p - s - 297. Is p prime?
True
Is (-82075)/(-20) + (-12)/16 a prime number?
False
Let g = -1190 - -779. Let f = -2198 - -3112. Let k = f + g. Is k a composite number?
False
Suppose -g + 9 - 4 = 0. Suppose g*p - 2 = 6*p. Is (408 + 1 - 0) + p a prime number?
False
Suppose -108 = p - 4*k, -3*p - 335 = -3*k + 2*k. Let s = -46 + 91. Let t = s - p. Is t composite?
False
Let c(b) = b**3 + 28*b**2 + 2*b + 2. Is c(-27) composite?
False
Let k(p) = 5 - 2*p - 2 + 2*p - 2*p. Let t be k(-3). Is ((-22)/(-6))/(t/81) a composite number?
True
Let s = 18 - 13. Let x(u) = 6*u**2 + u + 2. Let m be x(-2). Suppose 0 = -a - 5*f + m + 167, s*a = -4*f + 997. Is a prime?
False
Let t be 12/12 - (1 - 6). Is (-333)/t*26/(-3) prime?
False
Let i(k) = -875*k + 232. Is i(-27) a composite number?
False
Suppose 0 = 3*k + 6, -z = 2*k - 44304 + 14909. Is z prime?
True
Let t be -3*(-1)/3*(4 + -1). Suppose 1990 = 4*x - t*i, -2*x + 23 = -2*i - 971. Is x a prime number?
True
Suppose -5*j + 5*b = -25540, -4*j - 15*b + 11*b + 20456 = 0. Is j a prime number?
False
Let k(j) = -13653*j - 33. Is k(-2) a prime number?
False
Is 9/(180/(-216350))*(-2)/5 composite?
False
Let m(v) = 5*v**2 - 6*v. Suppose 4*x + 4*d = x - 1, -4*d = 4*x + 8. Let y be m(x). Let i = -138 + y. Is i a composite number?
False
Let x = 4810 - 2127. Is x a prime number?
True
Suppose 0 = c + 2, -2*i + c - 6 = -4*i. Suppose -w + 6 = 4*g, -3*w + w = i*g - 8. Suppose -w*b - 2*b + 1388 = 0. Is b composite?
False
Is (-37448)/(-24) - (-4)/6 a prime number?
False
Suppose 6015 = 13*f - 83438. Is f a composite number?
True
Let l(h) = -13*h**3 + 6*h**2 - 6*h + 1. Let d be l(4). Suppose 4*k - 4*o = -836, 0 = -3*k - k + 2*o - 834. Let z = k - d. Is z a composite number?
True
Suppose 0 = 4*v - 8*v - 2*n + 87390, -4*n - 65559 = -3*v. Is v a prime number?
False
Let b = -264 - -500. Suppose 5*t + 66 = 66. Suppose u - b - 183 = t. Is u prime?
True
Suppose 5*s - 23435 = -7*l + 12*l, -s + 4707 = 4*l. Is s prime?
True
Suppose 3*g + 10 = 5*g. Suppose 2*n + 5*b + 16 = -0*n, -30 = -5*n + g*b. Is 827/n - 9/18 a composite number?
True
Let o be ((-6)/(-2))/(((-2)/1)/(-2)). Suppose t = -5*z + 4557, -o*z - 2*t = -938 - 1799. Is z a prime number?
True
Let w = -316 + 115. Is 6 + 0 + -4 - w a composite number?
True
Let t = -121 + 228. Let m = 159 - t. Is 1182/10 + m/65 a composite number?
True
Let t(u) = -13*u**3 - 5*u**2 - 15*u + 37. Is t(-12) a composite number?
False
Suppose -118315 = -25*n + 110460. Is n a composite number?
False
Let g(q) = -q**3 + 7*q**2 - 7*q + 3. Let z be g(6). Let x be (48/20)/(z/(-15)). Let i = -1 + x. Is i prime?
True
Let h(f) = f**3 - 10*f**2 + 2*f - 15. Let d be h(10). Suppose d*m - 25 = -0*m. Suppose m*g - 350 = 245. Is g a composite number?
True
Let p(v) = 2*v**3 + v**2 - 4*v - 2. Let i be p(-2). Let u(o) = 28*o**2 - 8*o - 3. Let s be u(i). Let h = s - 724. Is h a prime number?
False
Let m be (84 - -12) + 1*3. Suppose -2*i - m + 625 = 0. Is i a prime number?
True
Let h be (-3)/6 + 14837/2 - 1. Suppose -3*r + 482 = -h. Is r composite?
False
Suppose -l + 43 = 40. Suppose 3*m - m - 8665 = -5*d, -5200 = -l*d - m. Is d prime?
False
Suppose 0 = 2*x + 4 + 2. Let t be (x - -1 - -1) + 16. Suppose 5*h + 0*h = t. Is h a prime number?
True
Let v = 35420 + -19853. Is v a composite number?
True
Suppose 309909 = 16*b + 50437. Is b prime?
True
Let f = -3 + 2. Let n = 7 + f. Is n/2 - (-78 - 1) a composite number?
True
Suppose 0*b + 12 = 3*b. Suppose b*u = -12, w + w - 44 = -2*u. Suppose -5*o = -w, -o - 130 + 725 = 2*d. Is d a prime number?
False
Suppose 0*p - 4*p = 2672. Let d = p + 1205. Suppose d - 2701 = -4*g. Is g prime?
True
Suppose y - 6*l - 201 = -2*l, 5*y + l - 942 = 0. Suppose 74 = m - 2*h, -3*m + h = 6*h - y. Suppose 5*d - m = 627. Is d a prime number?
True
Suppose -3*p - 5*t - 37 = 0, -2 = 4*p - p - 2*t. Let r be (p/(-6))/(1/6). Suppose -r*b + b + 223 = 4*m, 2*m = 3*b - 199. Is b prime?
False
Let p(m) = 689*m + 37. Let l be p(-25). Let s = -11681 - l. Is s a prime number?
True
Is (-2)/(-13) - (-23889)/39*9 a prime number?
False
Let u(o) = -o**3 + 3*o + 2. Let b be u(-2). Let m(d) = d**3 + 9*d**2 + b - 3*d + 0*d + 4. Is m(-7) a composite number?
False
Suppose -4*p - p = 0, -4*g - 4*p = -8. Suppose -3*k + 3*i - 4*i = 1035, -k + g*i - 345 = 0. Let l = k + 506. Is l prime?
False
Let x(n) = -14*n**3 - 5*n + n**2 - 5*n + 0*n**2 + 1 + 7*n. Is x(-3) composite?
False
Let x = -164 - -370. Suppose 5*a + x = 3381. Is a composite?
True
Suppose -z + 32590 = 2*s, 4*s = -z + 55627 + 9549. Is s a prime number?
False
Let v(d) = d**2 - 10*d + 13. Let l be v(-7). Let a = -41 + l. Is a a prime number?
False
Let g = -6414 + 9643. Is g composite?
False
Let l be ((-8)/3)/((-7)/3633). Suppose 2*f - l = -2*d, -16 = d - f - 702. Is d composite?
True
Let c = -2373 + 1172. Let m = -482 - c. Is m a prime number?
True
Is ((-3)/9)/((-1)/1407) a composite number?
True
Let p be 2*(-5)/10 + 30. Let k = -28 + p. Is (57/(-12))/k*-68 prime?
False
Suppose -2*n - 10 = 0, 4*p + 3*n - 1314 = n. Is p composite?
False
Suppose -u + 1 = 2*p - 0*u, 2 = -5*p + 2*u. Suppose p = c - 4*c. Suppose -5*v = -k - c*v + 289, 4*v = -k + 307. Is k a prime number?
False
Let j(y) = 1788*y + 91. Is j(4) composite?
False
Suppose -6*z - 1051 - 761 = 0. Let r = z + 811. Is r a composite number?
False
Let o be 5 - 2 - 6/2. Suppose o = -f - 10 + 5. Let i = f + 36. Is i a prime number?
True
Is 21624 + -72 - 5/1 prime?
False
Let f = -1521 + 2440. Is f a prime number?
True
Let k(w) = -4*w**2 - 32*w - 6. Let i be k(-15). Is i/4*(-4)/3 a composite number?
True
Let q(a) = -16*a**3 + 19*a**2 + 17*a + 43. Is q(-9) prime?
True
Is ((-240115)/(-30) - 2) + (-3)/(-18) a composite number?
True
Let t(g) = -202*g + 253*g + 0 + 7. Is t(4) a prime number?
True
Is 6/(-2)*1858/(-3) composite?
True
Let i = 14 - 20. Let l(u) = 3*u - 7 + 0*u + 2*u**2 + 0*u. Is l(i) a prime number?
True
Is 22 + -3 - 23 - (-29692 - 1) a prime number?
False
Let b be (12/(-8))/(6/(-872)). Suppose u - 35 = b. Is u a prime number?
False
Let w = -313 - -1185. Suppose w = 6*f - 250. Is f a composite number?
True
Suppose 427*m = 421*m + 8082. Is m prime?
False
Let x(m) = -m**3 + 38*m**2 + 114*m - 46. Is x(23) composite?
True
Let d(q) = 76*q**2 - 11. Is d(-8) a composite number?
True
Let h = -7014 + 34553. Is h a composite number?
False
Let y = 29426 + 14577. Is y a composite number?
True
Let y(c) = -c**3 + 3*c**2 - 1. Let a be y(-1). Suppose 2990 = a*n - 1093. Is n a p